/(-2). Let h be k(n). Suppose -h*q + 1 + 23 = 0. What is the greatest common factor of q and 32?
8
Suppose -2*b + 6*b = 12. Let p be -1 + -6 + 3 - -10. What is the greatest common factor of p and b?
3
Suppose -w - 80 = -4*y, -2*y + 89 = 3*y - 4*w. What is the highest common divisor of 7 and y?
7
Suppose c - 9 = -w, c + 4*c = 3*w - 59. Let a = w - 9. Suppose 0 = a*g - 18 - 26. Calculate the highest common divisor of g and 11.
11
Let c be 4/16 - 238/(-8). What is the highest common divisor of 3 and c?
3
Let h(z) = -8*z + 23. Let n be h(-9). Suppose 0 = s + 2*s - 5*j - 30, 39 = 3*s - 2*j. Let m = s + n. Calculate the highest common factor of m and 10.
10
Let w(t) = -2*t - 5. Let s be w(-5). Suppose -5*z + 20 = 0, -4*z + 13 + 183 = s*r. What is the greatest common divisor of r and 90?
18
Let w be 0 + (-20)/(-15) + (-2)/6. What is the highest common divisor of 1 and w?
1
Let j(a) be the second derivative of 2*a**3/3 + 2*a**2 + 3*a. Let b be j(4). Let f be (33/(-12) + -1)*-8. Calculate the highest common factor of f and b.
10
Let w(k) be the third derivative of -1/4*k**4 + 0*k - k**2 - 1/3*k**3 + 0. Let q be w(-2). Calculate the highest common divisor of q and 30.
10
Let q = 3 + -3. Let l = q - -4. Suppose 0 = -p - 3, 0*o = o - 5*p - 51. Calculate the highest common factor of o and l.
4
Suppose 4*i = -16, 3*t - 23 - 448 = 3*i. Calculate the highest common factor of 17 and t.
17
Let a(p) = p**3 - 10*p**2 + 12*p + 3. Let y be a(9). What is the highest common divisor of 10 and y?
10
Suppose t = -i + 19, -2*t - 3*i = -4*t + 28. Calculate the greatest common factor of t and 170.
17
Suppose 2*c + 30 = -5*a, 3*a - 4*c = 2*a + 16. Let p be (a/(-6))/((-2)/(-24)). Calculate the greatest common factor of 1 and p.
1
Let b = 38 - 25. Calculate the greatest common divisor of 39 and b.
13
Suppose -4*s + 144 + 132 = 0. What is the highest common factor of 23 and s?
23
Let y(f) = f**3 + 3*f**2 + 3*f + 2. Let x be y(-2). Suppose 5*b = 5*u - 120, x = -u + 5*u - 3*b - 91. What is the highest common factor of 171 and u?
19
Let c(m) = -9*m**3 + 2*m + 1. Let n = -3 - -2. Let l be c(n). Calculate the highest common factor of l and 32.
8
Suppose -3*q + 3 + 12 = 0. Let l = -88 + 113. Calculate the highest common divisor of q and l.
5
Suppose -j = 3*k - 0*j - 11, -4 = 2*k - 5*j. Suppose -k*o = -5*g - 33, 3*o - 4*g + 0*g = 33. Calculate the greatest common divisor of 11 and o.
11
Let y be 1/(-8) - 274/(-16). Calculate the highest common factor of 34 and y.
17
Suppose 3*j = 6 - 3. Let o(z) = -4*z**3 - 2*z + 1. Let b be o(j). Let v(c) = c**2 + c + 2. Let i be v(b). Calculate the greatest common divisor of 198 and i.
22
Let q = -20 - -32. Let k be 3/((-3)/2) - -2. Let a be (-1)/((-3)/q + k). Calculate the highest common factor of 6 and a.
2
Let m(j) = -j**2 - 11*j + 6. Let u be m(-9). Calculate the highest common factor of u and 6.
6
Let z be (1 - 0)/(1 + -2). Let t be (6 - 7)*3*z. Suppose -5*y + t*m + 41 = -m, 6 = 2*y + m. What is the greatest common divisor of y and 15?
5
Suppose -6*a + 8*a = 88. Calculate the highest common factor of 11 and a.
11
Let z = 16 + -12. Suppose 2 - 9 = -4*k + 3*a, -z*a = 2*k - 20. Calculate the greatest common divisor of k and 1.
1
Suppose -h - h = -3*y + 17, -2*y = -4*h - 22. Suppose -6*l = -y*l - 42. Let t be (l/7)/(-1 + 2). What is the greatest common factor of t and 16?
2
Let v(n) = 7*n + 3. Let f be v(3). Let z(k) = k. Let c be -2 + 5 + 4 + -1. Let g be z(c). Calculate the highest common factor of g and f.
6
Let n(k) = -k**3 - k**2 - 2*k. Suppose -4 = 5*g - 4*g. Let p be n(g). Let r be (-4)/(-5) - (-72)/10. Calculate the greatest common divisor of r and p.
8
Let r be (4 - (3 + -2))/((-3)/(-40)). Calculate the greatest common factor of 15 and r.
5
Let h be (4/(-8))/(3/(-72)). Let m = h - -6. Calculate the highest common factor of m and 162.
18
Let a be 2*-5*1/(-2). Calculate the highest common factor of 55 and a.
5
Suppose -118 = -6*f - 28. Suppose 5*x - 2 = -3*z + 31, -2*z + 15 = x. Calculate the greatest common divisor of z and f.
3
Let g = 25 - 14. Suppose 3*u - 3 = -18. Let x be (-399)/(-35) + 2/u. Calculate the highest common factor of x and g.
11
Suppose -5*f - 99 = -4*v - 0*v, -5*v + 160 = f. Calculate the highest common divisor of 341 and v.
31
Suppose 0 = 3*o - 4*y - 33, -2*o + 2*y = 2*o - 54. Calculate the highest common factor of o and 135.
15
Suppose 5*h = s - 4*s + 51, -45 = -4*s + h. Suppose -53 - 19 = -3*n. What is the greatest common divisor of n and s?
12
Let o be (-22)/(-6) - 2/3. Let n be o + 3 + -6 + 20. What is the greatest common divisor of n and 30?
10
Let f(m) = -9*m - 7. Let j be f(-5). Calculate the highest common factor of j and 57.
19
Let q = -121 + 177. Calculate the greatest common divisor of q and 140.
28
Let r be -1 - 3/6*-2. Let v(p) = p - 21. Let o be v(r). Let w = 32 + o. What is the greatest common factor of w and 11?
11
Let q = 6 + 8. Let c(r) = r + 2. Let j be c(-5). Let n be j + (-7)/(7/(-38)). What is the highest common divisor of n and q?
7
Let h(o) = -67*o - 3. Let l be h(2). Let q = 207 + l. What is the highest common factor of q and 14?
14
Suppose -9*n + 28 = -8. What is the highest common divisor of 36 and n?
4
Let i(a) = a**2 - 8*a - 8. Let f = 18 - 13. Suppose -f*n + 35 + 0 = -5*t, 0 = -5*n + 2*t + 41. Let y be i(n). What is the highest common factor of y and 7?
1
Let v = 25 + -14. Calculate the greatest common divisor of 55 and v.
11
Let f be (-2 - (-2)/(-2)) + -1. Let d = 8 + f. Let m = -30 - -62. Calculate the highest common divisor of d and m.
4
Let n be -3 + 8 + 4 + -2. Calculate the highest common factor of 7 and n.
7
Suppose 0 = 2*m - 12 - 6. Let k(i) = -i**3 + 8*i**2 + 11*i - 9. Let j be k(m). Calculate the highest common factor of 1 and j.
1
Let k(r) = r**3 + 2*r - 3. Let o = -4 - -6. Let l be k(o). Calculate the greatest common divisor of l and 9.
9
Let d = 143 - 3. Calculate the greatest common factor of 20 and d.
20
Let y = 6 - 6. Suppose -2*a - h = 2, y = -3*a - a - 4*h. Let k be (-1)/1 + (a - -28). What is the highest common factor of k and 5?
5
Let w = -36 - 10. Let b = w - -244. Calculate the highest common factor of b and 22.
22
Suppose 0 = -2*t + 4*d - 17 + 1, -2*t + 20 = 5*d. Suppose t*s = s - 19. What is the highest common divisor of 152 and s?
19
Let n be (-576)/(-60) - 6/10. Let s be 5/2 + (-2)/(-4). Suppose 0 = -a - s*a + 4. Calculate the highest common divisor of a and n.
1
Suppose -369 + 9 = -18*k. What is the greatest common factor of 140 and k?
20
Suppose u + 12 = 5*u, -5*z - 4*u = -32. Suppose -l = -z*w - 23, -l = -3*l - 4*w - 14. What is the highest common divisor of 24 and l?
3
Let t be 6/(-33) + 0 - (-707)/77. What is the highest common factor of 9 and t?
9
Let q be ((-2)/4)/(-3*(-5)/(-3240)). Let k be -2 + 1 + 13/1. What is the greatest common divisor of q and k?
12
Suppose -7*h + 2*h = -105. Suppose h + 7 = 4*l. Let n = l + 3. What is the greatest common factor of n and 30?
10
Suppose 5 = 3*t - 4. Let y be (-5 - -44)*1/t. What is the highest common divisor of y and 143?
13
Let w be -11 + (-6)/8*-4. Let s = w + 16. Calculate the highest common factor of 1 and s.
1
Let o(l) = 12*l**2 - l. Let d be o(1). Let g be (-8)/(-44) - (-548)/d. Let t(i) = 9*i + 1. Let n be t(1). What is the greatest common divisor of g and n?
10
Let q = -43 + 230. Let y(f) = -2*f + 34. Let x(i) = 3*i - 51. Let b(u) = -5*x(u) - 7*y(u). Let n be b(0). Calculate the highest common divisor of n and q.
17
Let f = -38 + 65. What is the greatest common factor of f and 81?
27
Suppose -5*l + 38 = 2*x - 111, 0 = 5*x - 4*l - 356. What is the greatest common factor of x and 18?
18
Suppose 0 = -u - 0*u + 1. Suppose 2*t = 3*m + 7 + 5, 3 = t - 3*m. What is the highest common divisor of u and t?
1
Let j be (-21)/28*(0 + -4). Let v(s) = s**3 - 8*s**2 + 9. Let q be v(8). Calculate the highest common divisor of q and j.
3
Suppose 3*j = 4*l - 2*j + 103, 0 = 4*l + 4*j + 112. Let z = -41 - l. Let w be 2/(-7) + (-228)/z. Calculate the highest common factor of w and 48.
16
Suppose 4 = 2*g - 0. Suppose -7 - 3 = g*s. Let w = 2 - s. What is the highest common factor of w and 1?
1
Suppose -15 + 111 = -4*a. Let q be (-2)/(-1) - a/2. What is the highest common divisor of 70 and q?
14
Let m be (-1)/3 - 6248/(-33). What i